on divisor of x and 126?
6
Let l(k) = -2*k**2 - 14*k + 4. Let u be l(-7). Suppose -u*p + 54 = 14. What is the greatest common divisor of 80 and p?
10
Suppose 5*i - 3 = 12. Let n(v) = -v + 5 - 4 - i + 0. Let j be n(-10). What is the highest common divisor of 64 and j?
8
Suppose -5*v + b = 4*b, b = 5*v. Suppose 18*m - 15*m - 252 = v. What is the greatest common factor of m and 14?
14
Let y be ((-6)/(-1))/(-24) + (-59)/4. Let g be (592/(-40))/(6/y). Calculate the greatest common divisor of g and 148.
37
Suppose 5*y - 225 = -0*y. Suppose -5*k - 10 = -5*t + 5, 2*k = 3*t - 11. What is the highest common factor of y and t?
5
Suppose p - 2*p + 4*m = -25, -100 = -4*p - 5*m. Calculate the greatest common divisor of 20 and p.
5
Let a = 20 + -29. Let u be (84/10)/(a/(-30)). Suppose -2*d + 392 = 112. Calculate the greatest common factor of u and d.
28
Suppose 0 = n - 3, -n = 5*o + 2*n - 189. What is the highest common divisor of 18 and o?
18
Let k = -49 - -89. Let f(j) = j**2 - j - 10. Suppose -4*q = 12, 3*m + 2*q = -19 - 17. Let s be f(m). Calculate the highest common factor of s and k.
20
Let f = -61 - -173. Suppose 0*j + j - 16 = 0. What is the greatest common divisor of f and j?
16
Let t = -759 + 787. What is the highest common factor of 14 and t?
14
Let t(j) = 8*j**3 - 3*j**2 - j + 1. Suppose 72*h - 21 = 65*h. Let w be t(h). Calculate the highest common factor of 17 and w.
17
Suppose -4*d - 3*g + 32 = 0, -4*d + 2*g - 7*g + 24 = 0. Let t be 1/(1 + (-2)/4) + 15. Let f = -6 + t. Calculate the greatest common divisor of f and d.
11
Suppose 4*k + 36 = 2*a, -a = -7*k + 4*k - 23. Calculate the highest common divisor of a and 8.
8
Suppose 3*s - 2*w - 235 = 0, -12 = s + w - 87. What is the greatest common divisor of 11 and s?
11
Let i be -1 - (-26)/22 - (-33750)/594. Calculate the greatest common divisor of 722 and i.
19
Let k(v) = -v. Let b be -4 + 2 + 2 + 1. Let t(s) = 4*s - 3. Let g(n) = b*t(n) + 5*k(n). Let u be g(-4). Calculate the greatest common factor of 7 and u.
1
Suppose j + 0*y = -y, 3*j - 5*y = 0. Suppose j*f + 3*f = 174. Calculate the greatest common divisor of f and 29.
29
Let v = 14 + -12. Let l = 14 + v. Suppose -3*n + 7 - 1 = 0. What is the greatest common divisor of n and l?
2
Let i be (-103)/(-7) + (-4)/(-14)*1. Calculate the greatest common divisor of i and 9.
3
Let q be (-892)/(-60) + 4*1/30. Calculate the greatest common divisor of 120 and q.
15
Let c = 2460 - 1686. What is the highest common divisor of 18 and c?
18
Suppose -2*s - 285 = 281. Suppose 0 = -4*h + 4*r + 1856, -4*h - 651 = 4*r - 2499. Let x = h + s. Calculate the greatest common divisor of 72 and x.
36
Let i = 14 + 13. Let o = i + -20. What is the greatest common divisor of 28 and o?
7
Let c(a) = -15*a - 53. Suppose p + 2 = 2*n + 33, n = -2*p - 18. Let l be c(n). What is the highest common divisor of 17 and l?
17
Suppose 4*c - 2*c + 2*t - 12 = 0, -4*c = -4*t + 8. Let i be (c + 8/(-5))*340. Let m = i - 64. What is the greatest common divisor of m and 24?
24
Let r be (5064/(-21))/4 + 2/7. Let i = r + 128. Calculate the greatest common factor of i and 17.
17
Suppose 7*u - 144 = 11*u. Let z be 738/30 - (u/15 + 2). What is the highest common factor of 175 and z?
25
Let u(h) = h**3 + 13*h**2 + 5*h + 4. Let r be u(-12). Let f be 30 + (20/5 - 1). Calculate the greatest common factor of r and f.
11
Let v = 2 - -7. Let x be (270/(-12))/(4/(-8)). Calculate the greatest common divisor of x and v.
9
Suppose 1163 + 3797 = 5*t. Calculate the highest common factor of 32 and t.
32
Let z = -53 - -89. Let q(h) = 10*h + 74. Let p be q(-7). What is the highest common divisor of z and p?
4
Suppose 4*w + 8 = 0, -3*w + 2*w = 3*p - 34. Suppose 3*k - p = -24. Let o = 13 + k. Calculate the highest common factor of o and 63.
9
Let m(k) be the second derivative of -2/3*k**4 + 10*k - 7/2*k**2 + 0 + 1/20*k**5 + 5/3*k**3. Let u be m(7). Calculate the greatest common factor of u and 70.
14
Let z(i) = 39*i**3 + 2*i**2 - 2*i + 1. Let j be z(1). Suppose -5*s = 5*k - j, -2*k + 4*s = 3*s - 19. Calculate the greatest common divisor of k and 72.
9
Let j(t) = -t**2 - 4*t + 12. Let l be j(-5). Let z(x) = -4*x**3 - 2*x**2 + 3*x + 3. Let v be z(-2). Calculate the greatest common factor of l and v.
7
Let t = 16 - 1. Let v be (-1 + 16)*26/13. Calculate the greatest common divisor of v and t.
15
Suppose -7*n = -3*n - 544. Let u be ((-26)/(-3))/((-7)/(210/(-4))). Let q = u - 48. Calculate the greatest common factor of q and n.
17
Let z be (180/28 - 6) + 64/14. Suppose 0 = g - z*j - 183, j - 268 = -g - 55. Calculate the highest common factor of g and 16.
16
Let h be (-28)/(-28)*(-1)/(3/(-120)). Calculate the highest common factor of 184 and h.
8
Let i be ((-5467)/(-14) - 11)*2/3. What is the highest common factor of 11 and i?
11
Suppose 0 = -372*t + 369*t + 9. What is the highest common divisor of 53 and t?
1
Let r = -125 - -137. Suppose -5*z + 8 = -z. Calculate the highest common divisor of r and z.
2
Suppose 3*s - 4 = 5. Suppose z + 16 = s*n, 3*n + 0*z + 2*z = 31. What is the highest common factor of 49 and n?
7
Let c(n) = 2*n**2 - 55*n + 84. Let x be c(26). What is the greatest common factor of x and 1662?
6
Suppose 65 = 3*p - 9*j - 4, -4*p = -3*j - 47. Let k = 6 + -2. Calculate the greatest common divisor of p and k.
4
Let q = 164 - 53. Let a = -76 + q. What is the greatest common divisor of 315 and a?
35
Let t = 376 + -214. What is the greatest common divisor of t and 36?
18
Let g(x) be the second derivative of -4*x**3/3 - x. Let c be g(-3). Suppose -c = 8*s - 11*s. What is the greatest common divisor of s and 12?
4
Let f = -1028 - -1578. What is the greatest common divisor of f and 330?
110
Suppose 0 = d - 200 + 2. Let n = -570 + 588. What is the highest common factor of d and n?
18
Suppose -3*u + 3*r + 2634 = 0, -4*u + 2750 = 2*r - 744. Calculate the greatest common factor of u and 7.
7
Let r = -721 - -821. Let u = -4 - -29. What is the highest common factor of u and r?
25
Let z be -5*1/(-2) + 3/(-2). Calculate the greatest common factor of 31 and z.
1
Suppose -112 = -3*y + 4*p + 55, -3*p + 100 = 2*y. What is the highest common factor of 1 and y?
1
Let b be (6/(-8))/((-4)/16). Suppose -4*w - 62 = -5*j, 3*j - 6*j - b*w + 48 = 0. Suppose -7*n = -5*n - j. What is the greatest common divisor of 21 and n?
7
Let h = 408 - 401. Let x be 5/(20/32) - 1. What is the greatest common factor of h and x?
7
Let j(x) = -4*x - 40. Let o be j(-13). Suppose -9*c - 75 = -o*c. What is the greatest common divisor of 15 and c?
5
Suppose 5*d - 60 = -l, 0 = -5*d + 11*l - 8*l + 80. Suppose 3*h - 659 - 121 = 0. Suppose -h = -5*z + z. What is the highest common factor of d and z?
13
Let r be 20/(-10) + 18*(2 - -2). What is the highest common divisor of r and 110?
10
Let d be (-60)/(-16)*16/6. Calculate the greatest common divisor of 130 and d.
10
Let z(g) = -165*g + 338. Let h be z(2). Calculate the highest common divisor of h and 708.
4
Suppose 0 = -91*i + 80*i + 616. Calculate the highest common divisor of 21 and i.
7
Let a(x) = -4*x**3 - 8*x**2 + 13*x + 6. Let i be a(-6). Calculate the highest common divisor of 72 and i.
72
Suppose -g - 12 = -4*g. Let n(f) = f**2 - 3*f - 10. Let q be n(5). Let b = 8 - q. What is the highest common factor of b and g?
4
Let s be 29*4 + (-14)/((-28)/(-4)). What is the greatest common factor of 152 and s?
38
Let n(j) = -2*j**3 + 65*j**2 - 32*j + 9. Let y be n(32). Let k be (162/(-8))/((-2)/8). Calculate the highest common factor of k and y.
9
Let y(h) = -h**3 + 7*h**2 + 2*h - 8. Let z be y(7). Let f be (z/(-3) - 48)/2. Let i = f + 31. What is the highest common factor of i and 18?
6
Let x(g) = 5*g + 82. Let h be x(-15). What is the greatest common factor of h and 133?
7
Suppose -57 + 8 = -4*u - o, 3*o + 57 = 5*u. What is the greatest common divisor of 138 and u?
6
Suppose -3*s = 2*s - 5*m + 1025, s = 5*m - 213. Suppose -18*t = -48*t + 9330. Let a = t + s. Calculate the greatest common divisor of a and 27.
27
Suppose 7*a = -2*a - 207. Let s be -1 + a/(-6) + 4/24. Calculate the greatest common divisor of 12 and s.
3
Let a(o) = 6*o - 14. Let u be a(4). Suppose 0 = 7*h - 2*h - 1925. Let t be (h/21)/((-1)/(-6)). Calculate the greatest common factor of t and u.
10
Let z(p) = -p**2 - 20*p - 48. Let q be z(-15). Let